{"id":53,"date":"2026-01-08T20:14:44","date_gmt":"2026-01-08T23:14:44","guid":{"rendered":"https:\/\/teseseantiteses.com.br\/site\/?page_id=53"},"modified":"2026-01-08T20:14:45","modified_gmt":"2026-01-08T23:14:45","slug":"sobre-o-autor","status":"publish","type":"page","link":"https:\/\/teseseantiteses.com.br\/site\/sobre-o-autor\/","title":{"rendered":"Sobre o Autor"},"content":{"rendered":"\n<h1 class=\"wp-block-heading\">O Autor<\/h1>\n\n\n\n<p><strong>Jos\u00e9 Ribamar da Costa Assun\u00e7\u00e3o<\/strong>&nbsp;\u00e9 escritor e advogado<em><strong>.&nbsp;<\/strong><\/em>Membro Aposentado do Minist\u00e9rio P\u00fablico, no cargo de procurador de justi\u00e7a, e membro associado da Transpar\u00eancia Brasil. Escreve para sites jur\u00eddicos, dentre eles,&nbsp;<em>Jus Navigandi,<\/em>&nbsp;<em>Jus Brasil e Consultor Jur\u00eddico.<\/em>&nbsp;Cr\u00edtico dos sistemas educacional, de sa\u00fade, de seguran\u00e7a p\u00fablica, penal, pol\u00edtico e tribut\u00e1rio do pa\u00eds. &nbsp;<\/p>\n\n\n\n<p>O prop\u00f3sito do autor \u00e9 destacar sua pr\u00f3pria vis\u00e3o na escolha dos temas escolhidos, que poder\u00e3o se reportar a opini\u00f5es e ideias de especialistas. Contudo, sempre se propor\u00e1 a mostrar qual \u00e9 a ideia ou opini\u00e3o mais aceit\u00e1vel ou vi\u00e1vel.&nbsp;Portanto,&nbsp;este espa\u00e7o se prop\u00f5e&nbsp;a analisar posi\u00e7\u00f5es e ideias no \u00e2mbito da filosofia e&nbsp;das&nbsp;ci\u00eancias sociais e humanas, podendo, eventualmente, fazer cita\u00e7\u00f5es de autores para comentar textos e ideias.<\/p>\n","protected":false},"excerpt":{"rendered":"<p>O Autor Jos\u00e9 Ribamar da Costa Assun\u00e7\u00e3o&nbsp;\u00e9 escritor e advogado.&nbsp;Membro Aposentado do Minist\u00e9rio P\u00fablico, no cargo de procurador de justi\u00e7a, e membro associado da Transpar\u00eancia Brasil. Escreve para sites jur\u00eddicos, dentre eles,&nbsp;Jus Navigandi,&nbsp;Jus Brasil e Consultor Jur\u00eddico.&nbsp;Cr\u00edtico dos sistemas educacional, de sa\u00fade, de seguran\u00e7a p\u00fablica, penal, pol\u00edtico e tribut\u00e1rio do pa\u00eds. &nbsp; O prop\u00f3sito do [&hellip;]<\/p>\n","protected":false},"author":1,"featured_media":0,"parent":0,"menu_order":0,"comment_status":"closed","ping_status":"closed","template":"","meta":{"footnotes":""},"class_list":["post-53","page","type-page","status-publish","hentry"],"yoast_head":"<!-- This site is optimized with the Yoast SEO plugin v26.8 - https:\/\/yoast.com\/product\/yoast-seo-wordpress\/ -->\n<title>Sobre o Autor - Teses e Ant\u00edteses<\/title>\n<meta name=\"robots\" content=\"index, follow, max-snippet:-1, max-image-preview:large, max-video-preview:-1\" \/>\n<link rel=\"canonical\" href=\"https:\/\/teseseantiteses.com.br\/site\/sobre-o-autor\/\" \/>\n<meta property=\"og:locale\" content=\"pt_BR\" \/>\n<meta property=\"og:type\" content=\"article\" \/>\n<meta property=\"og:title\" content=\"Sobre o Autor - Teses e Ant\u00edteses\" \/>\n<meta property=\"og:description\" content=\"O Autor Jos\u00e9 Ribamar da Costa Assun\u00e7\u00e3o&nbsp;\u00e9 escritor e advogado.&nbsp;Membro Aposentado do Minist\u00e9rio P\u00fablico, no cargo de procurador de justi\u00e7a, e membro associado da Transpar\u00eancia Brasil. Escreve para sites jur\u00eddicos, dentre eles,&nbsp;Jus Navigandi,&nbsp;Jus Brasil e Consultor Jur\u00eddico.&nbsp;Cr\u00edtico dos sistemas educacional, de sa\u00fade, de seguran\u00e7a p\u00fablica, penal, pol\u00edtico e tribut\u00e1rio do pa\u00eds. &nbsp; O prop\u00f3sito do [&hellip;]\" \/>\n<meta property=\"og:url\" content=\"https:\/\/teseseantiteses.com.br\/site\/sobre-o-autor\/\" \/>\n<meta property=\"og:site_name\" content=\"Teses e Ant\u00edteses\" \/>\n<meta property=\"article:modified_time\" content=\"2026-01-08T23:14:45+00:00\" \/>\n<meta name=\"twitter:card\" content=\"summary_large_image\" \/>\n<meta name=\"twitter:label1\" content=\"Est. tempo de leitura\" \/>\n\t<meta name=\"twitter:data1\" content=\"1 minuto\" \/>\n<script type=\"application\/ld+json\" class=\"yoast-schema-graph\">{\"@context\":\"https:\/\/schema.org\",\"@graph\":[{\"@type\":\"WebPage\",\"@id\":\"https:\/\/teseseantiteses.com.br\/site\/sobre-o-autor\/\",\"url\":\"https:\/\/teseseantiteses.com.br\/site\/sobre-o-autor\/\",\"name\":\"Sobre o Autor - Teses e Ant\u00edteses\",\"isPartOf\":{\"@id\":\"https:\/\/teseseantiteses.com.br\/site\/#website\"},\"datePublished\":\"2026-01-08T23:14:44+00:00\",\"dateModified\":\"2026-01-08T23:14:45+00:00\",\"breadcrumb\":{\"@id\":\"https:\/\/teseseantiteses.com.br\/site\/sobre-o-autor\/#breadcrumb\"},\"inLanguage\":\"pt-BR\",\"potentialAction\":[{\"@type\":\"ReadAction\",\"target\":[\"https:\/\/teseseantiteses.com.br\/site\/sobre-o-autor\/\"]}]},{\"@type\":\"BreadcrumbList\",\"@id\":\"https:\/\/teseseantiteses.com.br\/site\/sobre-o-autor\/#breadcrumb\",\"itemListElement\":[{\"@type\":\"ListItem\",\"position\":1,\"name\":\"In\u00edcio\",\"item\":\"https:\/\/teseseantiteses.com.br\/site\/\"},{\"@type\":\"ListItem\",\"position\":2,\"name\":\"Sobre o Autor\"}]},{\"@type\":\"WebSite\",\"@id\":\"https:\/\/teseseantiteses.com.br\/site\/#website\",\"url\":\"https:\/\/teseseantiteses.com.br\/site\/\",\"name\":\"Teses e Ant\u00edteses\",\"description\":\"&quot;Teses e Ant\u00edteses&quot; se prop\u00f5e a trazer para a Internet uma p\u00e1gina que, basicamente, contenha uma coluna do seu autor, Costa Assun\u00e7\u00e3o, abordando temas de Filosofia, Literatura, Teoria Pol\u00edtica, Hist\u00f3ria, Educa\u00e7\u00e3o e Direito.\",\"publisher\":{\"@id\":\"https:\/\/teseseantiteses.com.br\/site\/#organization\"},\"potentialAction\":[{\"@type\":\"SearchAction\",\"target\":{\"@type\":\"EntryPoint\",\"urlTemplate\":\"https:\/\/teseseantiteses.com.br\/site\/?s={search_term_string}\"},\"query-input\":{\"@type\":\"PropertyValueSpecification\",\"valueRequired\":true,\"valueName\":\"search_term_string\"}}],\"inLanguage\":\"pt-BR\"},{\"@type\":\"Organization\",\"@id\":\"https:\/\/teseseantiteses.com.br\/site\/#organization\",\"name\":\"Teses e Ant\u00edteses\",\"url\":\"https:\/\/teseseantiteses.com.br\/site\/\",\"logo\":{\"@type\":\"ImageObject\",\"inLanguage\":\"pt-BR\",\"@id\":\"https:\/\/teseseantiteses.com.br\/site\/#\/schema\/logo\/image\/\",\"url\":\"https:\/\/teseseantiteses.com.br\/site\/wp-content\/uploads\/2026\/01\/cropped-cropped-blog-escritor.webp\",\"contentUrl\":\"https:\/\/teseseantiteses.com.br\/site\/wp-content\/uploads\/2026\/01\/cropped-cropped-blog-escritor.webp\",\"width\":512,\"height\":499,\"caption\":\"Teses e Ant\u00edteses\"},\"image\":{\"@id\":\"https:\/\/teseseantiteses.com.br\/site\/#\/schema\/logo\/image\/\"}}]}<\/script>\n<!-- \/ Yoast SEO plugin. -->","yoast_head_json":{"title":"Sobre o Autor - Teses e Ant\u00edteses","robots":{"index":"index","follow":"follow","max-snippet":"max-snippet:-1","max-image-preview":"max-image-preview:large","max-video-preview":"max-video-preview:-1"},"canonical":"https:\/\/teseseantiteses.com.br\/site\/sobre-o-autor\/","og_locale":"pt_BR","og_type":"article","og_title":"Sobre o Autor - Teses e Ant\u00edteses","og_description":"O Autor Jos\u00e9 Ribamar da Costa Assun\u00e7\u00e3o&nbsp;\u00e9 escritor e advogado.&nbsp;Membro Aposentado do Minist\u00e9rio P\u00fablico, no cargo de procurador de justi\u00e7a, e membro associado da Transpar\u00eancia Brasil. Escreve para sites jur\u00eddicos, dentre eles,&nbsp;Jus Navigandi,&nbsp;Jus Brasil e Consultor Jur\u00eddico.&nbsp;Cr\u00edtico dos sistemas educacional, de sa\u00fade, de seguran\u00e7a p\u00fablica, penal, pol\u00edtico e tribut\u00e1rio do pa\u00eds. &nbsp; O prop\u00f3sito do [&hellip;]","og_url":"https:\/\/teseseantiteses.com.br\/site\/sobre-o-autor\/","og_site_name":"Teses e Ant\u00edteses","article_modified_time":"2026-01-08T23:14:45+00:00","twitter_card":"summary_large_image","twitter_misc":{"Est. tempo de leitura":"1 minuto"},"schema":{"@context":"https:\/\/schema.org","@graph":[{"@type":"WebPage","@id":"https:\/\/teseseantiteses.com.br\/site\/sobre-o-autor\/","url":"https:\/\/teseseantiteses.com.br\/site\/sobre-o-autor\/","name":"Sobre o Autor - Teses e Ant\u00edteses","isPartOf":{"@id":"https:\/\/teseseantiteses.com.br\/site\/#website"},"datePublished":"2026-01-08T23:14:44+00:00","dateModified":"2026-01-08T23:14:45+00:00","breadcrumb":{"@id":"https:\/\/teseseantiteses.com.br\/site\/sobre-o-autor\/#breadcrumb"},"inLanguage":"pt-BR","potentialAction":[{"@type":"ReadAction","target":["https:\/\/teseseantiteses.com.br\/site\/sobre-o-autor\/"]}]},{"@type":"BreadcrumbList","@id":"https:\/\/teseseantiteses.com.br\/site\/sobre-o-autor\/#breadcrumb","itemListElement":[{"@type":"ListItem","position":1,"name":"In\u00edcio","item":"https:\/\/teseseantiteses.com.br\/site\/"},{"@type":"ListItem","position":2,"name":"Sobre o Autor"}]},{"@type":"WebSite","@id":"https:\/\/teseseantiteses.com.br\/site\/#website","url":"https:\/\/teseseantiteses.com.br\/site\/","name":"Teses e Ant\u00edteses","description":"&quot;Teses e Ant\u00edteses&quot; se prop\u00f5e a trazer para a Internet uma p\u00e1gina que, basicamente, contenha uma coluna do seu autor, Costa Assun\u00e7\u00e3o, abordando temas de Filosofia, Literatura, Teoria Pol\u00edtica, Hist\u00f3ria, Educa\u00e7\u00e3o e Direito.","publisher":{"@id":"https:\/\/teseseantiteses.com.br\/site\/#organization"},"potentialAction":[{"@type":"SearchAction","target":{"@type":"EntryPoint","urlTemplate":"https:\/\/teseseantiteses.com.br\/site\/?s={search_term_string}"},"query-input":{"@type":"PropertyValueSpecification","valueRequired":true,"valueName":"search_term_string"}}],"inLanguage":"pt-BR"},{"@type":"Organization","@id":"https:\/\/teseseantiteses.com.br\/site\/#organization","name":"Teses e Ant\u00edteses","url":"https:\/\/teseseantiteses.com.br\/site\/","logo":{"@type":"ImageObject","inLanguage":"pt-BR","@id":"https:\/\/teseseantiteses.com.br\/site\/#\/schema\/logo\/image\/","url":"https:\/\/teseseantiteses.com.br\/site\/wp-content\/uploads\/2026\/01\/cropped-cropped-blog-escritor.webp","contentUrl":"https:\/\/teseseantiteses.com.br\/site\/wp-content\/uploads\/2026\/01\/cropped-cropped-blog-escritor.webp","width":512,"height":499,"caption":"Teses e Ant\u00edteses"},"image":{"@id":"https:\/\/teseseantiteses.com.br\/site\/#\/schema\/logo\/image\/"}}]}},"_links":{"self":[{"href":"https:\/\/teseseantiteses.com.br\/site\/wp-json\/wp\/v2\/pages\/53","targetHints":{"allow":["GET"]}}],"collection":[{"href":"https:\/\/teseseantiteses.com.br\/site\/wp-json\/wp\/v2\/pages"}],"about":[{"href":"https:\/\/teseseantiteses.com.br\/site\/wp-json\/wp\/v2\/types\/page"}],"author":[{"embeddable":true,"href":"https:\/\/teseseantiteses.com.br\/site\/wp-json\/wp\/v2\/users\/1"}],"replies":[{"embeddable":true,"href":"https:\/\/teseseantiteses.com.br\/site\/wp-json\/wp\/v2\/comments?post=53"}],"version-history":[{"count":1,"href":"https:\/\/teseseantiteses.com.br\/site\/wp-json\/wp\/v2\/pages\/53\/revisions"}],"predecessor-version":[{"id":54,"href":"https:\/\/teseseantiteses.com.br\/site\/wp-json\/wp\/v2\/pages\/53\/revisions\/54"}],"wp:attachment":[{"href":"https:\/\/teseseantiteses.com.br\/site\/wp-json\/wp\/v2\/media?parent=53"}],"curies":[{"name":"wp","href":"https:\/\/api.w.org\/{rel}","templated":true}]}}